.
8
Suppose 17 + 28 = g + 5*b, b + 225 = 5*g. What is the greatest common factor of 15 and g?
15
Let g(z) = z**3 - 6*z**2 + 3*z - 6. Let b be g(5). Let h = -5 - b. What is the highest common divisor of 77 and h?
11
Let h(b) = -34*b + 6. Let i = 10 - 15. Let n be h(i). What is the highest common divisor of 16 and n?
16
Let k = 37 - -8. Suppose -3 = -2*o + 7. What is the greatest common divisor of o and k?
5
Suppose 0 = -139*l + 132*l + 462. Calculate the highest common divisor of l and 6.
6
Let x(w) = -w**2 - 26*w + 51. Let o be x(-25). What is the highest common divisor of 57 and o?
19
Let o = -4 + 12. Suppose 135 = 5*m + 5*f, f + 2 + 3 = 0. What is the greatest common factor of o and m?
8
Let w(f) = 9*f**2 + 8*f - 1. Let v be w(-6). Calculate the highest common divisor of 25 and v.
25
Suppose 0 = 4*t - t. Suppose -2*i + 158 = -t*i. Let n = i + -34. Calculate the greatest common factor of 30 and n.
15
Suppose 5*r + 2*w - 652 = 57, -2*r = 4*w - 274. Let s be (-318)/(-24) - (-1)/(-4). Calculate the greatest common factor of r and s.
13
Let x be -5*(-12)/(-40)*-2. Calculate the greatest common factor of x and 21.
3
Let z(c) = 2*c**2 + 2*c - 7. Let g be z(3). Let n be 40/(-340) - (-427)/g. Let i = -9 + 14. What is the greatest common divisor of n and i?
5
Let f = 3 + -2. Let y(i) = i**2 - 5*i - 9. Let c be y(7). Suppose -2*l - 5*t + 35 = 0, 2*l - l + 20 = c*t. Calculate the greatest common divisor of f and l.
1
Let f(t) = -11*t**2 - 3 - 5*t + 4 + 10*t**2. Let k be f(-4). Let x(c) = 10*c. Let p be x(1). Calculate the highest common divisor of p and k.
5
Let c = 211 - 187. Calculate the highest common divisor of 48 and c.
24
Let m(x) = -7*x + 4. Let a be m(-5). Suppose -2*r + 11*r = 117. Calculate the greatest common factor of a and r.
13
Let s = -10 - -29. Let n(j) = -j - 4. Let r be n(-6). Suppose 0 = -5*q + f + 100, -4*q + 2 = -r*f - 84. Calculate the highest common factor of q and s.
19
Suppose 156 - 756 = -5*j. Calculate the greatest common factor of 30 and j.
30
Let r = 113 - 61. Let v = -366 + 496. What is the highest common divisor of v and r?
26
Let r = 9 + -7. Suppose -r*i - 5*y - 3 - 9 = 0, 0 = -3*y + 12. Let o be (1 - -47)*(-12)/i. What is the highest common divisor of o and 4?
4
Let x = -10 + 25. Calculate the highest common divisor of x and 120.
15
Let a be (-4)/2 + 13 + 7. Suppose -2*y = 4*r - a, 5*r - 27 + 4 = -3*y. Calculate the highest common divisor of 2 and r.
2
Let a be 244/12 - (-3)/(-9). Calculate the highest common factor of 20 and a.
20
Suppose 0 = k - 2 - 4. Calculate the highest common factor of k and 6.
6
Suppose 0 = -7*x + 53 + 10. Calculate the greatest common factor of 9 and x.
9
Let x be (-2)/7 - 3546/(-63). Let o = -40 + x. Calculate the highest common factor of 2 and o.
2
Suppose -480 = -5*q - 4*j, 2*j = 3*q - j - 288. Suppose -2*r - q = -6*r. Let t be 2/(-2) + 37/1. What is the highest common divisor of r and t?
12
Let x(g) = 5*g + g**3 + 4 + 2 + 0*g**2 - 2*g**2 - 3. Let z be x(4). What is the greatest common divisor of 11 and z?
11
Let m = 60 - 25. Let s = -20 + m. Calculate the greatest common factor of s and 10.
5
Suppose 3*l + m + m = 25, -4*m - 27 = -l. What is the highest common factor of 1 and l?
1
Let t(k) = 3*k**2 + 2*k - 3. Suppose 0 = 5*i - 3*o + 5 + 1, -3*i - 6 = -o. Let g be t(i). What is the greatest common factor of g and 90?
18
Let r(g) = g**3 + g + 1. Let p be r(0). Let s be -7*(-4 + 3)*p. Calculate the greatest common factor of s and 1.
1
Let a = -1 - 0. Let o be (-38)/(-4) - a/2. Suppose -300 = -4*l - 4*i, -43 - 92 = -2*l - 5*i. What is the highest common divisor of o and l?
10
Let s be (-1 + 3/9)*3. Let z = s - -10. Calculate the highest common factor of 4 and z.
4
Suppose -2*p + p = -4. Let j = p + -3. What is the highest common factor of 4 and j?
1
Suppose -n + 3*k = 3, 2*n = 5*k + 2 - 6. Let m be 548/36 + 2/(-9). Suppose g = m - n. What is the greatest common factor of 30 and g?
6
Let g(b) = -2 + 7*b**2 + 3 + 2 - 2 - b**3 + 3*b. Let a be g(7). What is the highest common divisor of 33 and a?
11
Let j be ((-9)/21)/(1/(-7)) + -2. Suppose -3*y + 20 = -3*v + 4*v, -5*y + 4 = -2*v. Calculate the highest common factor of j and v.
1
Let p = 16 + -14. What is the greatest common factor of 3 and p?
1
Let v be (-4)/3*21/(-14). Let g(d) = 2*d**3 - 2*d**2 - d - 2. Let l be g(v). Let q be l + 56 - 0/1. Calculate the highest common divisor of 15 and q.
15
Let m(u) = u**2 - 4*u + 13. Let o be m(8). What is the greatest common divisor of o and 18?
9
Suppose -a + 7*i + 36 = 4*i, -2*a + 2*i = -52. Let w be 210/(2*(5 - 4)). What is the greatest common divisor of a and w?
21
Let i be (2 - 1)/(-1) - -3. Let y be (7/3)/(i/6). Let n = 152 - 82. Calculate the greatest common divisor of n and y.
7
Let q be (6/10)/((-35)/(-525)). What is the highest common factor of q and 18?
9
Let k(u) = -u**3 + 13*u**2 - 15*u + 13. Let i be k(12). Let n = i - -37. Calculate the greatest common factor of n and 35.
7
Suppose -15*m + 32 = -13*m. Calculate the greatest common factor of m and 2.
2
Suppose z - s = 2*z - 10, -4*z = -2*s - 64. Calculate the highest common divisor of 70 and z.
14
Suppose 0 = x + 5, 3*k - 10 - 14 = 3*x. Let c = -1 + k. Suppose -6 = -c*p + p. Calculate the greatest common factor of p and 6.
6
Let g be (1 - -43) + (3 - 3). Suppose 6*d + 25 = d, 0 = 2*f - 4*d - g. Suppose -3*s = -129 - 51. What is the greatest common factor of f and s?
12
Let h be -2*(1 - (-6)/(-2)). Suppose c - 2 = 3*n - n, 3*c - h*n = 14. Suppose 3*x - 56 = 19. Calculate the greatest common divisor of x and c.
5
Let h(p) = -6*p**3 + 3*p**2 - p. Let g(d) = d**2 - 2*d - 1. Let o be g(3). Let v be h(o). Let j = 7 - v. What is the greatest common factor of j and 15?
15
Let g = -4 - -19. Calculate the greatest common divisor of g and 150.
15
Let d be 10/(-35) + (-359)/(-7). Calculate the greatest common factor of d and 17.
17
Let v(t) = 4*t**2 + 4*t - 3. Let j be v(-4). What is the greatest common factor of 9 and j?
9
Let u be (-2)/(1 - 0) - 464/(-29). What is the highest common divisor of 63 and u?
7
Let o = 1 + -1. Let y(r) = 2*r**2 + 3*r - 2. Let d be y(-3). Suppose -5*b + 67 - d = o. Calculate the highest common divisor of b and 12.
12
Let i(d) = d - 1. Let y be i(1). Suppose y = m + 2. Let j be m - 4/(-2) - -15. What is the highest common factor of 5 and j?
5
Let n(q) = q - 11. Let l(h) = h + 10. Let t be l(-8). Suppose -5*r + t*r = -36. Let d be n(r). Calculate the highest common factor of 4 and d.
1
Let t(y) = y**2 + 3*y. Let b be t(-7). What is the highest common factor of 42 and b?
14
Let m(f) = -f**3 + 24*f**2 + 25*f + 28. Let p be m(25). Calculate the greatest common factor of p and 28.
28
Let w be 10*19 - 12/12. Calculate the greatest common divisor of w and 21.
21
Let q(h) = -h**2 - 8*h - 7. Suppose -20 = -0*s + 4*s. Let x be q(s). Let n be -2*56/((-2)/1). What is the greatest common divisor of n and x?
8
Let z = -102 + 201. Let f = -26 - -37. Calculate the highest common factor of f and z.
11
Let j be (-3 + 16/12)*-18. What is the greatest common factor of j and 40?
10
Let a(n) = 24*n + 1. Let t be a(1). Suppose -4*j = -3*j - 75. Calculate the highest common factor of t and j.
25
Let c = 56 + -27. Suppose 4*h = -3*q + 1285, -474 + 1747 = 4*h - q. What is the greatest common divisor of c and h?
29
Suppose 0 = -3*q - 9, -2*j + 2*q = -3*j + 79. Calculate the highest common divisor of 17 and j.
17
Suppose 5*m - 155 = 20. Calculate the highest common divisor of m and 5.
5
Let v = 222 - 156. What is the greatest common factor of v and 6?
6
Suppose -2*l + 6*l - 4*w = 36, -5*l - 2*w = -45. Let a be (3/9)/(1/81). Calculate the highest common factor of l and a.
9
Suppose -5*f + 26 = 6. Let d = 35 + -50. Let y be (-50)/d*(-12)/(-10). Calculate the highest common factor of f and y.
4
Let u = -21 + 27. What is the greatest common divisor of 15 and u?
3
Let l be 1/(-3) - (-40)/12. Let i be -3 + 2 + (2 - -26). What is the highest common divisor of l and i?
3
Let s be 232 + ((-1)/(-2))/(3/12). What is the greatest common factor of 26 and s?
26
Suppose 0 = -5*u + u + 20. Suppose -715 = -0*i - u*i. Suppose -5 = 5*j - 6*j - 2*l, -2*j - l = -22. What is the highest common factor of j and i?
13
Suppose 0 = -16*g + 21*g - 35. Suppose 0 = -3*x + g*x - 19